 165811
List the prime factors of 1309048.
2, 13, 41, 307
List the prime factors of 141901.
41, 3461
What are the prime factors of 149124?
2, 3, 17, 43
List the prime factors of 652231.
239, 2729
What are the prime factors of 3017636?
2, 17, 199, 223
List the prime factors of 14189997.
3, 67, 227, 311
What are the prime factors of 73191?
3, 31, 787
What are the prime factors of 38178?
2, 3, 7, 101
What are the prime factors of 5462680?
2, 5, 37, 3691
List the prime factors of 251700.
2, 3, 5, 839
What are the prime factors of 1243897?
29, 59, 727
List the prime factors of 4008547.
149, 26903
What are the prime factors of 1555569?
3, 307, 563
List the prime factors of 32535.
3, 5, 241
List the prime factors of 557320.
2, 5, 13933
What are the prime factors of 697102?
2, 7, 17, 29, 101
List the prime factors of 5938205.
5, 7, 13, 31, 421
What are the prime factors of 156514?
2, 139, 563
List the prime factors of 36891556.
2, 13, 709453
What are the prime factors of 388448?
2, 61, 199
What are the prime factors of 104997?
3, 31, 1129
List the prime factors of 1832655.
3, 5, 11, 29, 383
What are the prime factors of 428964?
2, 3, 35747
List the prime factors of 125238.
2, 3, 20873
List the prime factors of 9316252.
2, 11, 83, 2551
What are the prime factors of 3450293?
7, 11, 44809
What are the prime factors of 5230571?
271, 19301
What are the prime factors of 610116?
2, 3, 13, 3911
What are the prime factors of 647079?
3, 215693
What are the prime factors of 63174?
2, 3, 10529
List the prime factors of 21260180.
2, 5, 1063009
List the prime factors of 1647454.
2, 823727
What are the prime factors of 530462?
2, 265231
List the prime factors of 31779043.
97, 327619
List the prime factors of 25875377.
11, 17, 138371
What are the prime factors of 12678?
2, 3, 2113
What are the prime factors of 13521402?
2, 3, 751189
What are the prime factors of 220796?
2, 17, 191
List the prime factors of 993962.
2, 53, 9377
What are the prime factors of 465406?
2, 97, 2399
What are the prime factors of 690383?
37, 47, 397
What are the prime factors of 63783?
3, 19, 373
What are the prime factors of 82928?
2, 71, 73
What are the prime factors of 13379609?
13379609
What are the prime factors of 1387676?
2, 17, 20407
List the prime factors of 2599026.
2, 3, 71, 6101
List the prime factors of 357671.
357671
What are the prime factors of 144854?
2, 23, 47, 67
What are the prime factors of 204374?
2, 17, 6011
List the prime factors of 299673.
3, 11, 1009
List the prime factors of 2314099.
23, 100613
List the prime factors of 94433.
94433
List the prime factors of 3557514.
2, 3, 592919
What are the prime factors of 22716919?
22716919
What are the prime factors of 185732?
2, 59, 787
What are the prime factors of 388678?
2, 31, 6269
What are the prime factors of 768595?
5, 153719
List the prime factors of 17987.
17987
What are the prime factors of 886828?
2, 221707
List the prime factors of 471275.
5, 7, 2693
What are the prime factors of 5266653?
3, 7, 250793
List the prime factors of 6130585.
5, 1226117
List the prime factors of 2643628.
2, 13, 50839
What are the prime factors of 101879?
101879
What are the prime factors of 199865?
5, 71, 563
What are the prime factors of 3899227?
3899227
What are the prime factors of 196499?
196499
What are the prime factors of 2377144?
2, 7, 11, 17, 227
List the prime factors of 997587.
3, 199, 557
What are the prime factors of 2370811?
2370811
What are the prime factors of 18986407?
11, 1726037
What are the prime factors of 9550836?
2, 3, 359, 739
What are the prime factors of 1502042?
2, 751021
What are the prime factors of 1008056?
2, 7, 47, 383
List the prime factors of 6135774.
2, 3, 1022629
List the prime factors of 8707315.
5, 17, 89, 1151
What are the prime factors of 486202?
2, 243101
What are the prime factors of 13891?
29, 479
What are the prime factors of 534933?
3, 7, 1213
List the prime factors of 216236.
2, 54059
List the prime factors of 12034474.
2, 23, 261619
List the prime factors of 3862052.
2, 173, 5581
What are the prime factors of 280315?
5, 7, 8009
List the prime factors of 338420.
2, 5, 16921
What are the prime factors of 4652750?
2, 5, 37, 503
List the prime factors of 608725.
5, 13, 1873
What are the prime factors of 1413436?
2, 353359
List the prime factors of 43384196.
2, 47, 230767
What are the prime factors of 434233?
47, 9239
What are the prime factors of 538760?
2, 5, 13469
List the prime factors of 423442.
2, 193, 1097
What are the prime factors of 137824?
2, 59, 73
What are the prime factors of 32409768?
2, 3, 1097, 1231
What are the prime factors of 6568969?
11, 233
List the prime factors of 753740.
2, 5, 13, 223
What are the prime factors of 5525817?
3, 11, 167449
What are the prime factors of 5940948?
2, 3, 13, 38083
What are the prime factors of 297886?
2, 47, 3169
List the prime factors of 406087.
11, 19, 29, 67
List the prime factors of 283217.
11, 25747
What are the prime factors of 411081?
3, 11, 12457
List the prime factors of 2597957.
17, 152821
What are the prime factors of 18012418?
2, 17, 19, 27883
List the prime factors of 2037166.
2, 1018583
List the prime factors of 1517990.
2, 5, 151799
List the prime factors of 3608978.
2, 1804489
What are the prime factors of 6430620?
2, 3, 5, 7, 61, 251
What are the prime factors of 347776?
2, 11, 13, 19
What are the prime factors of 248637?
3, 67, 1237
List the prime factors of 316962.
2, 3, 17609
What are the prime factors of 18402634?
2, 9201317
What are the prime factors of 11499809?
317, 36277
List the prime factors of 250060.
2, 5, 12503
What are the prime factors of 4036136?
2, 13, 197
What are the prime factors of 1461026?
2, 7, 79, 1321
List the prime factors of 232507.
11, 23, 919
List the prime factors of 2548011.
3, 17, 47, 1063
What are the prime factors of 5092372?
2, 503, 2531
List the prime factors of 1011089.
163, 6203
What are the prime factors of 13756046?
2, 6878023
What are the prime factors of 4306380?
2, 3, 5, 13, 5521
What are the prime factors of 339476?
2, 84869
List the prime factors of 25311011.
11, 17, 135353
List the prime factors of 499575.
3, 5, 6661
List the prime factors of 519593.
19, 23, 29, 41
What are the prime factors of 9483354?
2, 3, 526853
List the prime factors of 7607808.
2, 3, 13, 127
What are the prime factors of 205933?
7, 13, 31, 73
List the prime factors of 775414.
2, 387707
What are the prime factors of 1246426?
2, 137, 4549
What are the prime factors of 26399?
26399
List the prime factors of 1153265.
5, 230653
List the prime factors of 5325559.
5325559
List the prime factors of 5121580.
2, 5, 256079
What are the prime factors of 1233205?
5, 246641
What are the prime factors of 1159354?
2, 7, 82811
List the prime factors of 9453936.
2, 3, 89, 2213
List the prime factors of 358582.
2, 7, 3659
List the prime factors of 181857.
3, 13, 4663
What are the prime factors of 936425?
5, 7, 5351
What are the prime factors of 2740346?
2, 7, 195739
List the prime factors of 21795896.
2, 683, 3989
List the prime factors of 974385.
3, 5, 59, 367
What are the prime factors of 8537705?
5, 11, 155231
What are the prime factors of 1215877?
13, 93529
What are the prime factors of 2482723?
113, 127, 173
What are the prime factors of 2327767?
13, 137, 1307
List the prime factors of 360399.
3, 13, 9241
List the prime factors of 20587754.
2, 11, 19, 49253
List the prime factors of 2033427.
3, 11, 43, 1433
What are the prime factors of 324894?
2, 3, 173, 313
List the prime factors of 566676.
2, 3, 11, 53
What are the prime factors of 677026?
2, 7, 37, 1307
List the prime factors of 28066036.
2, 31, 113, 2003
What are the prime factors of 19056399?
3, 1283, 4951
What are the prime factors of 3402890?
2, 5, 17, 37, 541
List the prime factors of 22799519.
83, 274693
List the prime factors of 3447083.
67, 51449
What are the prime factors of 38786490?
2, 3, 5, 181, 2381
List the prime factors of 257218.
2, 13, 761
List the prime factors of 36099243.
3, 47, 28447
What are the prime factors of 434112?
2, 3, 7, 17, 19
What are the prime factors of 272010?
2, 3, 5, 9067
What are the prime factors of 15329035?
5, 31, 98897
List the prime factors of 1267654.
2, 53, 11959
List the prime factors of 1526785.
5, 13, 83, 283
List the p